{"id":4241,"date":"2021-09-10T13:55:51","date_gmt":"2021-09-10T16:55:51","guid":{"rendered":"https:\/\/greatystudio.com.br\/secure\/?page_id=4241"},"modified":"2021-09-30T10:38:10","modified_gmt":"2021-09-30T13:38:10","slug":"ict-rede-nuvem","status":"publish","type":"page","link":"https:\/\/greatystudio.com.br\/secure\/servicos\/ict-rede-nuvem\/","title":{"rendered":"Solu\u00e7\u00f5es de Seguran\u00e7a de ICT, Rede e Nuvem"},"content":{"rendered":"<p>[vc_row full_width=&#8221;stretch_row_content_no_spaces&#8221; content_placement=&#8221;top&#8221; pix_padding_top=&#8221;padding No&#8221; pix_padding_bottom=&#8221;padding No&#8221; gradient_colors=&#8221;%5B%7B%7D%5D&#8221; css=&#8221;.vc_custom_1631739051776{margin-top: -6px !important;background: rgba(0,0,0,0.7) url(https:\/\/greatystudio.com.br\/secure\/wp-content\/uploads\/2021\/09\/WhatsApp-Image-2021-09-15-at-16.02.40.jpeg?id=4426) !important;background-position: center !important;background-repeat: no-repeat !important;background-size: cover !important;*background-color: rgb(0,0,0) !important;}&#8221;][vc_column][vc_empty_space height=&#8221;300px&#8221;][\/vc_column][\/vc_row][vc_row full_width=&#8221;stretch_row&#8221; pix_padding_top=&#8221;padding M&#8221; pix_padding_bottom=&#8221;padding No&#8221; gradient_colors=&#8221;%5B%7B%7D%5D&#8221; css=&#8221;.vc_custom_1631723229494{padding-right: 40px !important;padding-left: 40px !important;background-color: #000000 !important;}&#8221; el_class=&#8221;fundo-escuro&#8221;][vc_column][common_title title=&#8221;Solu\u00e7\u00f5es de Seguran\u00e7a de ICT, Rede e Nuvem&#8221; padding=&#8221;off&#8221;][\/common_title][vc_column_text css=&#8221;.vc_custom_1631904856965{padding-right: 300px !important;padding-left: 300px !important;}&#8221;]<\/p>\n<p style=\"text-align: justify; text-align-last: center;\">Redes eficientes e infraestruturas de seguran\u00e7a devem atingir o m\u00e1ximo em desempenho, seguran\u00e7a e custos. Isso s\u00f3 pode ser alcan\u00e7ado se todos os componentes estiverem perfeitamente coordenados. A Secure oferece um portf\u00f3lio completo das principais solu\u00e7\u00f5es de seguran\u00e7a, rede e nuvem para infraestruturas convencionais, virtualizadas, em cont\u00eaineres e em nuvem. Para isso, trabalhamos com os melhores fabricantes em cada sub-\u00e1rea. Nossos especialistas experientes e certificados oferecem suporte desde a arquitetura e design, passando pela engenharia e integra\u00e7\u00e3o, at\u00e9 a opera\u00e7\u00e3o local, na nuvem ou como um servi\u00e7o gerenciado.<\/p>\n<p>[\/vc_column_text][vc_row_inner gap=&#8221;35&#8243; gradient_colors=&#8221;%5B%7B%7D%5D&#8221;][vc_column_inner width=&#8221;1\/2&#8243; css=&#8221;.vc_custom_1631904879020{padding-left: 300px !important;}&#8221;][common_tab_acc toggle_type=&#8221;accordion&#8221; collapse=&#8221;on&#8221; accordion=&#8221;%5B%7B%22label_a%22%3A%22Data%20Center%20e%20Seguran%C3%A7a%20em%20Nuvem%22%2C%22content_a%22%3A%22%3Cp%20style%3D%5C%22text-align%3A%20justify%3B%5C%22%3EO%20data%20center%20%C3%A9%20o%20cora%C3%A7%C3%A3o%20de%20toda%20empresa%2C%20porque%20%C3%A9%20onde%20os%20ativos%20da%20empresa%20e%20os%20dados%20s%C3%A3o%20armazenados.%20Portanto%2C%20%C3%A9%20de%20import%C3%A2ncia%20existencial%20que%20os%20data%20centers%20sejam%20implementados%20de%20forma%20absolutamente%20confi%C3%A1vel%20e%20segura.%20Estabelecer%20conex%C3%B5es%20entre%20um%20n%C3%BAmero%20crescente%20de%20dispositivos%20virtuais%20e%20f%C3%ADsicos%20e%20gerenci%C3%A1-los%20nem%20sempre%20%C3%A9%20f%C3%A1cil.%20A%20Secure%20ajuda%20voc%C3%AA%20a%20definir%20e%20implementar%20a%20estrat%C3%A9gia%20certa%20para%20o%20seu%20data%20center.%20Voc%C3%AA%20se%20beneficia%20de%20nossa%20experi%C3%AAncia%20em%20seguran%C3%A7a%20da%20informa%C3%A7%C3%A3o%2C%20rede%2C%20virtualiza%C3%A7%C3%A3o%20e%20design.%3C%2Fp%3E%22%2C%22tab_id_a%22%3A%221013121%22%7D%2C%7B%22label_a%22%3A%22Seguran%C3%A7a%20e%20Infraestrutura%20da%20Empresa%22%2C%22content_a%22%3A%22%3Cp%20style%3D%5C%22text-align%3A%20justify%3B%5C%22%3ENossa%20solu%C3%A7%C3%A3o%20empresarial%20completa%20oferece%20uma%20infraestrutura%20de%20rede%20segura%20e%20confi%C3%A1vel%20e%20permite%20que%20sua%20empresa%20se%20comunique%20com%20seguran%C3%A7a%20com%20escrit%C3%B3rios%20externos%2C%20parceiros%2C%20fornecedores%20e%20clientes.%20Nosso%20servi%C3%A7o%20inclui%20a%20constru%C3%A7%C3%A3o%20de%20campus%2C%20filiais%20e%20redes%20corporativas%2C%20bem%20como%20a%20conex%C3%A3o%20ao%20seu%20data%20center.Desde%20uma%20an%C3%A1lise%20de%20risco%20sistem%C3%A1tica%2C%20passando%20pela%20constru%C3%A7%C3%A3o%20de%20uma%20arquitetura%20de%20rede%20e%20seguran%C3%A7a%20eficaz%20e%20pela%20defini%C3%A7%C3%A3o%20de%20linhas%20de%20base%20de%20seguran%C3%A7a%2C%20at%C3%A9%20a%20integra%C3%A7%C3%A3o%2C%20treinamento%20e%20opera%C3%A7%C3%A3o%20da%20seguran%C3%A7a%20corporativa%2C%20oferecemos%20tudo%20em%20uma%20%C3%BAnica%20fonte.%3C%2Fp%3E%22%2C%22tab_id_a%22%3A%228242454123%22%7D%2C%7B%22label_a%22%3A%22Seguran%C3%A7a%20do%20Per%C3%ADmetro%22%2C%22content_a%22%3A%22%3Cp%20style%3D%5C%22text-align%3A%20justify%3B%5C%22%3EAs%20transi%C3%A7%C3%B5es%20de%20rede%20representam%20um%20desafio%20significativo%20para%20a%20seguran%C3%A7a%20da%20informa%C3%A7%C3%A3o.%20Nossa%20solu%C3%A7%C3%A3o%20oferece%20prote%C3%A7%C3%A3o%20de%20per%C3%ADmetro%20eficaz%20que%20atende%20aos%20mais%20altos%20requisitos%20de%20seguran%C3%A7a%20e%20garante%20uma%20transi%C3%A7%C3%A3o%20perfeita%20entre%20a%20empresa%20e%20o%20mundo%20externo.%20Usamos%20nossa%20experi%C3%AAncia%20e%20conhecimento%20para%20ajud%C3%A1-lo%20a%20construir%2C%20implementar%20e%20operar%20uma%20solu%C3%A7%C3%A3o%20de%20gateway%20seguro.%20%3C%2Fp%3E%22%2C%22tab_id_a%22%3A%22123124153%22%7D%5D&#8221;][\/vc_column_inner][vc_column_inner width=&#8221;1\/2&#8243; css=&#8221;.vc_custom_1631904891454{padding-right: 300px !important;}&#8221;][common_tab_acc toggle_type=&#8221;accordion&#8221; collapse=&#8221;on&#8221; accordion=&#8221;%5B%7B%22label_a%22%3A%22Detec%C3%A7%C3%A3o%20de%20Amea%C3%A7as%20Cibern%C3%A9ticas%22%2C%22content_a%22%3A%22%3Cp%20style%3D%5C%22text-align%3A%20justify%3B%5C%22%3ENossa%20experi%C3%AAncia%20mostra%20que%20o%20foco%20puro%20na%20defesa%20contra%20ataques%20cibern%C3%A9ticos%20n%C3%A3o%20%C3%A9%20mais%20suficiente.%20A%20identifica%C3%A7%C3%A3o%20precoce%20do%20potencial%20de%20amea%C3%A7a%2C%20a%20detec%C3%A7%C3%A3o%20de%20ataques%2C%20bem%20como%20a%20resposta%20r%C3%A1pida%20e%20a%20restaura%C3%A7%C3%A3o%20das%20opera%C3%A7%C3%B5es%20de%20neg%C3%B3cios%20ordenadas%20s%C3%A3o%20fundamentais%20hoje%20para%20garantir%20uma%20prote%C3%A7%C3%A3o%20abrangente.%3C%2Fp%3E%22%2C%22tab_id_a%22%3A%2210362139%22%7D%2C%7B%22label_a%22%3A%22Prote%C3%A7%C3%A3o%20de%20Identidade%20e%20Gest%C3%A3o%20de%20Acesso%22%2C%22content_a%22%3A%22%3Cp%20style%3D%5C%22text-align%3A%20justify%3B%5C%22%3EA%20prote%C3%A7%C3%A3o%20de%20acesso%20aos%20sistemas%20de%20TI%20est%C3%A1%20se%20tornando%20cada%20vez%20mais%20importante.%20No%20entanto%2C%20a%20autentica%C3%A7%C3%A3o%20do%20usu%C3%A1rio%20%C3%A9%20apenas%20um%20aspecto%20disso.%20A%20empresa%20precisa%20saber%20quais%20mudan%C3%A7as%20foram%20feitas%20nos%20sistemas%20de%20TI.%20N%C3%B3s%20ajudamos%20voc%C3%AA%20a%20definir%20os%20processos%2C%20bem%20como%20implementar%20as%20solu%C3%A7%C3%B5es%20de%20autentica%C3%A7%C3%A3o%20em%20sua%20infraestrutura%20de%20rede%20existente.%3C%2Fp%3E%22%2C%22tab_id_a%22%3A%22824245947%22%7D%2C%7B%22label_a%22%3A%22Endpoint%20e%20Seguran%C3%A7a%20M%C3%B3vel%22%2C%22content_a%22%3A%22%3Cp%20style%3D%5C%22text-align%3A%20justify%3B%5C%22%3EOs%20dispositivos%20m%C3%B3veis%20que%20deixam%20a%20rede%20protegida%20e%20se%20comunicam%20por%20meio%20de%20redes%20estrangeiras%20representam%20um%20risco%20para%20a%20seguran%C3%A7a%20de%20sua%20empresa.%20A%20Secure%20oferece%20a%20voc%C3%AA%20uma%20solu%C3%A7%C3%A3o%20para%20a%20prote%C3%A7%C3%A3o%20abrangente%20de%20seus%20dispositivos%20finais%20e%20m%C3%ADdia%20de%20armazenamento%20m%C3%B3vel%2C%20bem%20como%20para%20a%20sensibiliza%C3%A7%C3%A3o%20do%20usu%C3%A1rio%20direcionada.%20Usamos%20nossa%20experi%C3%AAncia%20e%20conhecimento%20para%20ajud%C3%A1-lo%20a%20configurar%2C%20implementar%20e%20monitorar%20sua%20infraestrutura%20de%20seguran%C3%A7a%20de%20TI.%3C%2Fp%3E%22%2C%22tab_id_a%22%3A%22824245947%22%7D%5D&#8221;][\/vc_column_inner][\/vc_row_inner][vc_empty_space height=&#8221;20px&#8221;][\/vc_column][\/vc_row][vc_row full_width=&#8221;stretch_row&#8221; gap=&#8221;15&#8243; gradient_colors=&#8221;%5B%7B%7D%5D&#8221; css=&#8221;.vc_custom_1631288593072{padding-right: 40px !important;padding-left: 40px !important;background: rgba(10,10,10,0.95) url(https:\/\/greatystudio.com.br\/secure\/wp-content\/uploads\/2019\/04\/coding-in-dark-RLAZ3VR-copy.jpg?id=4168) !important;*background-color: rgb(10,10,10) !important;}&#8221; el_class=&#8221;fundo-escuro&#8221;][vc_column][vc_row_inner gap=&#8221;35&#8243; pix_padding_bottom=&#8221;padding S&#8221; gradient_colors=&#8221;%5B%7B%7D%5D&#8221;][vc_column_inner][common_title title=&#8221;O que voc\u00ea pode esperar de n\u00f3s?&#8221; padding=&#8221;off&#8221; css=&#8221;.vc_custom_1631905007104{padding-right: 300px !important;padding-left: 300px !important;}&#8221;]<\/p>\n<p style=\"text-align: center;\">Rede e seguran\u00e7a s\u00e3o nossas principais compet\u00eancias. Nossos especialistas s\u00e3o igualmente proficientes nas v\u00e1rias tecnologias e na pr\u00e1tica de implementa\u00e7\u00e3o. Junto com nossos clientes, desenvolvemos solu\u00e7\u00f5es que fazem sentido do ponto de vista econ\u00f4mico e s\u00e3o sustent\u00e1veis no longo prazo. As empresas se beneficiam da m\u00e1xima agilidade, gra\u00e7as \u00e0 qual podem reagir rapidamente aos novos requisitos de neg\u00f3cios em constante mudan\u00e7a. Parcerias estrat\u00e9gicas com os principais fabricantes garantem o uso eficaz das tecnologias mais recentes. Nossas solu\u00e7\u00f5es de virtualiza\u00e7\u00e3o poderosas e nossas infraestruturas convergentes, que integram todos os sistemas em uma solu\u00e7\u00e3o completa, abrem um potencial adicional de redu\u00e7\u00e3o de custos. Ao faz\u00ea-lo, apoiamos uma empresa de acordo com as necessidades individuais em parceria em todas as fases: do planeamento \u00e0 implementa\u00e7\u00e3o e ao funcionamento dos sistemas.<\/p>\n<p>[\/common_title][\/vc_column_inner][\/vc_row_inner][vc_single_image image=&#8221;4169&#8243; img_size=&#8221;650&#215;650&#8243; alignment=&#8221;center&#8221; style=&#8221;vc_box_circle_2&#8243; css_animation=&#8221;fadeIn&#8221;][\/vc_column][\/vc_row][vc_row full_width=&#8221;stretch_row&#8221; pix_padding_top=&#8221;padding M&#8221; pix_padding_bottom=&#8221;padding No&#8221; gradient_colors=&#8221;%5B%7B%7D%5D&#8221; css=&#8221;.vc_custom_1631638180286{padding-right: 40px !important;padding-left: 40px !important;background-color: #000000 !important;}&#8221;][vc_column gradient_colors=&#8221;%5B%7B%7D%5D&#8221; css=&#8221;.vc_custom_1633008327007{padding-right: 200px !important;padding-left: 200px !important;}&#8221;][common_title title=&#8221;Nossos Servi\u00e7os&#8221; padding=&#8221;off&#8221; color=&#8221;white-heading&#8221;][\/common_title][vc_row_inner pix_padding_bottom=&#8221;padding M&#8221; gradient_colors=&#8221;%5B%7B%7D%5D&#8221; el_class=&#8221;icones&#8221;][vc_column_inner width=&#8221;1\/3&#8243;][common_icon_box style=&#8221;pix-ibox-flip&#8221; flip=&#8221;off&#8221; icon_type=&#8221;font&#8221; type=&#8221;pixcustom1&#8243; icon_pixcustom1=&#8221;flaticon-hacker&#8221; link=&#8221;url:https%3A%2F%2Fgreatystudio.com.br%2Fsecure%2Fservicos%2Fsimulacao-ataque%2F|title:Teste%20de%20Penetra%C3%A7%C3%A3o%20e%20Simula%C3%A7%C3%A3o%20de%20Ataque&#8221; title=&#8221;Teste de Penetra\u00e7\u00e3o e Simula\u00e7\u00e3o de Ataque&#8221;][\/common_icon_box][common_icon_box style=&#8221;pix-ibox-flip&#8221; flip=&#8221;off&#8221; icon_type=&#8221;font&#8221; type=&#8221;pixcustom1&#8243; icon_pixcustom1=&#8221;flaticon-surveillance&#8221; link=&#8221;url:https%3A%2F%2Fgreatystudio.com.br%2Fsecure%2Fservicos%2Fconsultoria-de-seguranca%2F|title:Servi%C3%A7os%20de%20Consultoria%20de%20Seguran%C3%A7a&#8221; title=&#8221;Servi\u00e7os de Consultoria de Seguran\u00e7a&#8221;][\/common_icon_box][\/vc_column_inner][vc_column_inner width=&#8221;1\/3&#8243;][common_icon_box style=&#8221;pix-ibox-flip&#8221; flip=&#8221;off&#8221; icon_type=&#8221;font&#8221; type=&#8221;pixcustom1&#8243; icon_pixcustom1=&#8221;flaticon-shield&#8221; link=&#8221;url:https%3A%2F%2Fgreatystudio.com.br%2Fsecure%2Fservicos%2Fdefesa-cibernetica%2F|title:Servi%C3%A7o%20de%20Defesa%20Cibern%C3%A9tica&#8221; title=&#8221;Servi\u00e7os de Defesa Cibern\u00e9tica&#8221;][\/common_icon_box][common_icon_box style=&#8221;pix-ibox-flip&#8221; flip=&#8221;off&#8221; icon_type=&#8221;font&#8221; type=&#8221;pixcustom1&#8243; icon_pixcustom1=&#8221;flaticon-firewall&#8221; link=&#8221;url:https%3A%2F%2Fgreatystudio.com.br%2Fsecure%2Fservicos%2Fnuvem-e-ssg%2F|title:Nuvem%20e%20Servi%C3%A7o%20de%20Seguran%C3%A7a%20Gerenciada&#8221; title=&#8221;Nuvem e Servi\u00e7o de Seguran\u00e7a Gerenciada&#8221;][\/common_icon_box][\/vc_column_inner][vc_column_inner width=&#8221;1\/3&#8243;][common_icon_box style=&#8221;pix-ibox-flip&#8221; flip=&#8221;off&#8221; icon_type=&#8221;font&#8221; type=&#8221;pixcustom1&#8243; icon_pixcustom1=&#8221;flaticon-detective&#8221; link=&#8221;url:https%3A%2F%2Fgreatystudio.com.br%2Fsecure%2Fservicos%2Fresposta-e-recuperacao%2F|title:Servi%C3%A7os%20de%20Resposta%20e%20Recupera%C3%A7%C3%A3o%20de%20Incidentes&#8221; title=&#8221;Servi\u00e7os de Resposta e Recupera\u00e7\u00e3o de Incidentes&#8221;][\/common_icon_box][common_icon_box style=&#8221;pix-ibox-flip&#8221; flip=&#8221;off&#8221; icon_type=&#8221;font&#8221; type=&#8221;pixcustom1&#8243; icon_pixcustom1=&#8221;flaticon-hacking&#8221; link=&#8221;url:https%3A%2F%2Fgreatystudio.com.br%2Fsecure%2Fservicos%2Fict-rede-nuvem%2F|title:Solu%C3%A7%C3%B5es%20de%20Seguran%C3%A7a%20de%20ICT%2C%20Rede%20e%20Nuvem&#8221; title=&#8221;Solu\u00e7\u00f5es de Seguran\u00e7a de ICT, Rede e Nuvem&#8221;][\/common_icon_box][\/vc_column_inner][\/vc_row_inner][\/vc_column][\/vc_row][vc_row full_width=&#8221;stretch_row&#8221; pix_padding_top=&#8221;padding S&#8221; pix_padding_bottom=&#8221;padding S&#8221; gradient_colors=&#8221;%5B%7B%7D%5D&#8221; css=&#8221;.vc_custom_1631723572828{background-color: #000000 !important;}&#8221;][vc_column][vc_raw_html]JTNDc3R5bGUlM0UlMjAlNDBtZWRpYSUyMG9ubHklMjBzY3JlZW4lMjBhbmQlMjAlMjhtYXgtd2lkdGglM0ElMjA0ODRweCUyOSUyMCU3Qi5pY29uZXMlMjAucGl4LWJveCUyMC5waXgtaXRlbS10aXRsZSUyMCU3QnRleHQtYWxpZ24lM0Etd2Via2l0LWF1dG8lM0IlN0QlMjAuaWNvbmVzJTIwLnNlcnZpY2UtYm94LTNfX2NvbnRhaW5lciUyMCU3QndpZHRoJTNBMTAwJTI1JTNCJTdEJTBBJTNDJTJGc3R5bGUlM0UlMEElM0NzY3JpcHQlMjBzcmMlM0RodHRwcyUzQSUyRiUyRmNoYXQuYXBpLm1pbHZ1cy5jb20uYnIlMkZhcGljaGF0JTJGd2lkZ2V0JTJGc2NyaXB0JTJGYTdjMjRhODclMkZkNWFlNDNmNTMxNDdkMWYxZjBhMGU2YTQ1MzNhN2MxYzJiNGIzMzExYmIwNjQ3NWZhZTgxNDg5NWVlYmQ3ZDE0NjRhMTg4ODI4NmNjZjQ4MjVkMjU3MTQ1Mjc5MDNkOTdkZGI3NWNlMzY4ZjFmNzhjN2MwNTkxNDU2YWY3Y2YwZjVjMDg4YzZmNzk4MmU4ZjVkMzZlOGZhZDhmOGRlZDY4OGE5MWM2MTBjOGQ3ZDc3YjA3MTAwY2Y4MDhlNGViYmJkNTY4MTQxYTllJTNFJTNDJTJGc2NyaXB0JTNFJTBBJTNDc2NyaXB0JTIwc3JjJTNEJTI3aHR0cHMlM0ElMkYlMkZwcml2YWNpZGFkZS5hcGkubWlsdnVzLmNvbS5iciUyRmFwaSUyRmNvbmZpZ3VyYWNhbyUyRnNjcmlwdCUyRmE3YzI0YTg3JTJGZDE4NzQwZDQwMDZkZWVjZmNiODBlODkwMmUyZDFmMWIxYjU2MjYyZmIzMjUwZDVkZTU4MjEwYmE5Y2E3MmM2NzQ3ZGJiZGYzOWNiMGQ0YmQ3NTM2NjQ2ZDNkYzk3ZmNjY2ZlYTNmYzI1ZTkzYzY4MTcyN2ZjYjcwNTNiMmZmMTI2MDI3ZGYxMjczYjhmMWI0ZmU2MDlmOWFlN2JlYjE2N2U1OWZmNTY2YThkMmNkNjAzOTcyNzZjMDE0ZjY5NGQ3ZTU2ODYzMTlmNCUyNyUzRSUzQyUyRnNjcmlwdCUzRSUwQSUyMCUyMCUyMCUyMCUyMCUyMCUyMCUyMA==[\/vc_raw_html][\/vc_column][\/vc_row]<\/p>\n","protected":false},"excerpt":{"rendered":"<p>[vc_row full_width=&#8221;stretch_row_content_no_spaces&#8221; content_placement=&#8221;top&#8221; pix_padding_top=&#8221;padding No&#8221; pix_padding_bottom=&#8221;padding No&#8221; gradient_colors=&#8221;%5B%7B%7D%5D&#8221; css=&#8221;.vc_custom_1631739051776{margin-top: -6px !important;background: rgba(0,0,0,0.7) url(https:\/\/greatystudio.com.br\/secure\/wp-content\/uploads\/2021\/09\/WhatsApp-Image-2021-09-15-at-16.02.40.jpeg?id=4426) !important;background-position: center !important;background-repeat: no-repeat !important;background-size: cover !important;*background-color: rgb(0,0,0) !important;}&#8221;][vc_column][vc_empty_space height=&#8221;300px&#8221;][\/vc_column][\/vc_row][vc_row full_width=&#8221;stretch_row&#8221; pix_padding_top=&#8221;padding M&#8221; pix_padding_bottom=&#8221;padding No&#8221; gradient_colors=&#8221;%5B%7B%7D%5D&#8221; css=&#8221;.vc_custom_1631723229494{padding-right: 40px !important;padding-left: 40px !important;background-color: #000000 !important;}&#8221; el_class=&#8221;fundo-escuro&#8221;][vc_column][common_title title=&#8221;Solu\u00e7\u00f5es de Seguran\u00e7a de ICT, Rede e Nuvem&#8221; padding=&#8221;off&#8221;][\/common_title][vc_column_text css=&#8221;.vc_custom_1631904856965{padding-right: 300px !important;padding-left: 300px !important;}&#8221;] Redes eficientes e infraestruturas [&hellip;]<\/p>\n","protected":false},"author":2,"featured_media":0,"parent":2430,"menu_order":0,"comment_status":"closed","ping_status":"closed","template":"page-home.php","meta":{"inline_featured_image":false,"loftloader_page_shortcode":""},"_links":{"self":[{"href":"https:\/\/greatystudio.com.br\/secure\/wp-json\/wp\/v2\/pages\/4241"}],"collection":[{"href":"https:\/\/greatystudio.com.br\/secure\/wp-json\/wp\/v2\/pages"}],"about":[{"href":"https:\/\/greatystudio.com.br\/secure\/wp-json\/wp\/v2\/types\/page"}],"author":[{"embeddable":true,"href":"https:\/\/greatystudio.com.br\/secure\/wp-json\/wp\/v2\/users\/2"}],"replies":[{"embeddable":true,"href":"https:\/\/greatystudio.com.br\/secure\/wp-json\/wp\/v2\/comments?post=4241"}],"version-history":[{"count":14,"href":"https:\/\/greatystudio.com.br\/secure\/wp-json\/wp\/v2\/pages\/4241\/revisions"}],"predecessor-version":[{"id":4512,"href":"https:\/\/greatystudio.com.br\/secure\/wp-json\/wp\/v2\/pages\/4241\/revisions\/4512"}],"up":[{"embeddable":true,"href":"https:\/\/greatystudio.com.br\/secure\/wp-json\/wp\/v2\/pages\/2430"}],"wp:attachment":[{"href":"https:\/\/greatystudio.com.br\/secure\/wp-json\/wp\/v2\/media?parent=4241"}],"curies":[{"name":"wp","href":"https:\/\/api.w.org\/{rel}","templated":true}]}}