{"id":4185,"date":"2021-09-09T17:35:31","date_gmt":"2021-09-09T20:35:31","guid":{"rendered":"https:\/\/greatystudio.com.br\/secure\/?page_id=4185"},"modified":"2021-10-29T13:06:07","modified_gmt":"2021-10-29T16:06:07","slug":"incidente","status":"publish","type":"page","link":"https:\/\/greatystudio.com.br\/secure\/incidente\/","title":{"rendered":"Incidente?"},"content":{"rendered":"<p>[vc_row full_width=&#8221;stretch_row_content_no_spaces&#8221; content_placement=&#8221;top&#8221; pix_padding_top=&#8221;padding No&#8221; pix_padding_bottom=&#8221;padding No&#8221; gradient_colors=&#8221;%5B%7B%7D%5D&#8221; css=&#8221;.vc_custom_1631287571693{margin-top: -6px !important;background: #0a0a0a url(https:\/\/greatystudio.com.br\/secure\/wp-content\/uploads\/2021\/09\/writing-programming-code.mp4_snapshot_00.00.000.jpg?id=4034) !important;background-position: center !important;background-repeat: no-repeat !important;background-size: cover !important;}&#8221;][vc_column][vc_empty_space height=&#8221;300px&#8221;][\/vc_column][\/vc_row][vc_row full_width=&#8221;stretch_row&#8221; pix_padding_top=&#8221;padding No&#8221; gradient_colors=&#8221;%5B%7B%7D%5D&#8221; css=&#8221;.vc_custom_1631739904327{margin-top: -30px !important;background-color: #0f0f0f !important;}&#8221;][vc_column][common_title title=&#8221;<\/p>\n<h1>REPORTAR UM INCIDENTE<\/h1>\n<p>&#8221; padding=&#8221;off&#8221; color=&#8221;white-heading&#8221;]<\/p>\n<h4 style=\"text-align: center; color: white;\">No caso de um incidente de seguran\u00e7a, a SECURE oferece suporte 24 horas por dia, 7 dias por semana!<\/h4>\n<p>[\/common_title][vc_column_text]<\/p>\n<h4 style=\"text-align: center; color: white;\">Tenha em m\u00e3os as respostas para as seguintes quest\u00f5es principais quando entrar em contato com a linha direta para SECURE:<\/h4>\n<p style=\"text-align: center; color: white;\"><span style=\"font-size: 14pt;\"><strong style=\"color: white;\">QUEM<\/strong> descobriu ou relatou o incidente?<\/span><\/p>\n<p style=\"text-align: center; color: white;\"><span style=\"font-size: 14pt;\"><strong style=\"color: white;\">QUANDO<\/strong> o incidente foi descoberto ou relatado?<\/span><\/p>\n<p style=\"text-align: center; color: white;\"><span style=\"font-size: 14pt;\"><strong style=\"color: white;\">ONDE<\/strong> o incidente foi descoberto ou localizado?<\/span><\/p>\n<p style=\"text-align: center; color: white;\"><span style=\"font-size: 14pt;\"><strong style=\"color: white;\">QUE<\/strong> impacto o incidente tem na opera\u00e7\u00e3o comercial?<\/span><\/p>\n<p style=\"text-align: center; color: white;\"><span style=\"font-size: 14pt;\"><strong style=\"color: white;\">QUAL <\/strong>\u00e9 a extens\u00e3o do incidente com a rede e o aplicativo?<\/span><\/p>\n<p>[\/vc_column_text][\/vc_column][\/vc_row][vc_row full_width=&#8221;stretch_row&#8221; gradient_colors=&#8221;%5B%7B%7D%5D&#8221; css=&#8221;.vc_custom_1631287773411{background-color: #0a0a0a !important;}&#8221; el_class=&#8221;fundo-escuro&#8221;][vc_column width=&#8221;1\/4&#8243;][\/vc_column][vc_column width=&#8221;2\/4&#8243;][common_icon_box icon_size=&#8221;pix-icon-xl&#8221; content_position=&#8221;pix-middle&#8221; image=&#8221;4181&#8243; title=&#8221;Linha direta SECURE&#8221; css=&#8221;.vc_custom_1633362183344{background-color: #0a0a0a !important;}&#8221;]Telefone 24 horas: (92) 3042-0593<\/p>\n<p>Email (Hor\u00e1rio comercial): atendimento@secure.com.br[\/common_icon_box][\/vc_column][vc_column width=&#8221;1\/4&#8243;][\/vc_column][\/vc_row][vc_row full_width=&#8221;stretch_row&#8221; pix_padding_top=&#8221;padding No&#8221; gradient_colors=&#8221;%5B%7B%7D%5D&#8221; css=&#8221;.vc_custom_1631739904327{margin-top: -30px !important;background-color: #0f0f0f !important;}&#8221;][vc_column][common_title title=&#8221;<\/p>\n<h1>Em caso de incidente de seguran\u00e7a, oferecemos suporte r\u00e1pido, competente e proficiente<\/h1>\n<p>&#8221; padding=&#8221;off&#8221; color=&#8221;white-heading&#8221;]<\/p>\n<h4 style=\"text-align: center; color: white;\">No caso de um incidente de seguran\u00e7a, a SECURE oferece suporte 24 horas por dia, 7 dias por semana!<\/h4>\n<p>[\/common_title][vc_column_text]<span style=\"color: #ffffff;\">Voc\u00ea pode ser v\u00edtima de um ataque cibern\u00e9tico a qualquer momento. Nosso Incident Response Retainer \u00e9 a solu\u00e7\u00e3o perfeita para atuar de forma preparada, r\u00e1pida, eficiente e eficaz.<\/span><\/p>\n<p><span style=\"color: #ffffff;\">\u2022Suporte de nossa experiente equipe de resposta a incidentes de seguran\u00e7a em computadores (CSIRT)<\/span><br \/>\n<span style=\"color: #ffffff;\">\u2022Detec\u00e7\u00e3o e isolamento mais r\u00e1pidos poss\u00edveis do invasor<\/span><br \/>\n<span style=\"color: #ffffff;\">\u2022An\u00e1lise de danos abrangente por especialistas em seguran\u00e7a do nosso Swiss Cyber Defense Center<\/span><br \/>\n<span style=\"color: #ffffff;\">\u2022Assist\u00eancia na restaura\u00e7\u00e3o das opera\u00e7\u00f5es normais de neg\u00f3cios<\/span><br \/>\n<span style=\"color: #ffffff;\">\u2022Conformidade com a obriga\u00e7\u00e3o de relatar um incidente de seguran\u00e7a dentro de 72 horas de acordo com o GDPR<\/span>[\/vc_column_text][common_button text=&#8221;Retentor de Resposta a Incidentes&#8221; link=&#8221;url:https%3A%2F%2Fgreatystudio.com.br%2Fsecure%2Fwp-content%2Fuploads%2F2021%2F10%2Finfoguard-incident-response-retainer-e.pdf|target:_blank&#8221; size_h=&#8221;pix-h-m&#8221; font_size=&#8221;pix-font-s&#8221; position=&#8221;pix-text-center&#8221;][\/vc_column][\/vc_row]<\/p>\n","protected":false},"excerpt":{"rendered":"<p>[vc_row full_width=&#8221;stretch_row_content_no_spaces&#8221; content_placement=&#8221;top&#8221; pix_padding_top=&#8221;padding No&#8221; pix_padding_bottom=&#8221;padding No&#8221; gradient_colors=&#8221;%5B%7B%7D%5D&#8221; css=&#8221;.vc_custom_1631287571693{margin-top: -6px !important;background: #0a0a0a url(https:\/\/greatystudio.com.br\/secure\/wp-content\/uploads\/2021\/09\/writing-programming-code.mp4_snapshot_00.00.000.jpg?id=4034) !important;background-position: center !important;background-repeat: no-repeat !important;background-size: cover !important;}&#8221;][vc_column][vc_empty_space height=&#8221;300px&#8221;][\/vc_column][\/vc_row][vc_row full_width=&#8221;stretch_row&#8221; pix_padding_top=&#8221;padding No&#8221; gradient_colors=&#8221;%5B%7B%7D%5D&#8221; css=&#8221;.vc_custom_1631739904327{margin-top: -30px !important;background-color: #0f0f0f !important;}&#8221;][vc_column][common_title title=&#8221; REPORTAR UM INCIDENTE &#8221; padding=&#8221;off&#8221; color=&#8221;white-heading&#8221;] No caso de um incidente de seguran\u00e7a, a SECURE oferece suporte 24 horas por dia, 7 dias por [&hellip;]<\/p>\n","protected":false},"author":2,"featured_media":0,"parent":0,"menu_order":9,"comment_status":"closed","ping_status":"closed","template":"page-home.php","meta":{"inline_featured_image":false,"loftloader_page_shortcode":""},"_links":{"self":[{"href":"https:\/\/greatystudio.com.br\/secure\/wp-json\/wp\/v2\/pages\/4185"}],"collection":[{"href":"https:\/\/greatystudio.com.br\/secure\/wp-json\/wp\/v2\/pages"}],"about":[{"href":"https:\/\/greatystudio.com.br\/secure\/wp-json\/wp\/v2\/types\/page"}],"author":[{"embeddable":true,"href":"https:\/\/greatystudio.com.br\/secure\/wp-json\/wp\/v2\/users\/2"}],"replies":[{"embeddable":true,"href":"https:\/\/greatystudio.com.br\/secure\/wp-json\/wp\/v2\/comments?post=4185"}],"version-history":[{"count":24,"href":"https:\/\/greatystudio.com.br\/secure\/wp-json\/wp\/v2\/pages\/4185\/revisions"}],"predecessor-version":[{"id":4534,"href":"https:\/\/greatystudio.com.br\/secure\/wp-json\/wp\/v2\/pages\/4185\/revisions\/4534"}],"wp:attachment":[{"href":"https:\/\/greatystudio.com.br\/secure\/wp-json\/wp\/v2\/media?parent=4185"}],"curies":[{"name":"wp","href":"https:\/\/api.w.org\/{rel}","templated":true}]}}